he remainder when 11285 is divided by 17.
14
What is the remainder when 9141 is divided by 53?
25
What is the remainder when 15713 is divided by 64?
33
What is the remainder when 3292 is divided by 566?
462
What is the remainder when 11968 is divided by 920?
8
What is the remainder when 12744 is divided by 86?
16
What is the remainder when 1204754 is divided by 1204730?
24
What is the remainder when 14967 is divided by 30?
27
Calculate the remainder when 168079 is divided by 880.
879
What is the remainder when 10591 is divided by 2965?
1696
What is the remainder when 943 is divided by 419?
105
Calculate the remainder when 18070 is divided by 152.
134
Calculate the remainder when 80269 is divided by 1454.
299
Calculate the remainder when 40494 is divided by 5059.
22
Calculate the remainder when 1928 is divided by 321.
2
What is the remainder when 158206 is divided by 232?
214
Calculate the remainder when 114574 is divided by 31.
29
What is the remainder when 6800 is divided by 1406?
1176
Calculate the remainder when 18780 is divided by 587.
583
What is the remainder when 36446 is divided by 36446?
0
Calculate the remainder when 21396 is divided by 635.
441
What is the remainder when 253437 is divided by 66?
63
What is the remainder when 10946160 is divided by 31?
29
Calculate the remainder when 2493 is divided by 531.
369
What is the remainder when 6574 is divided by 479?
347
Calculate the remainder when 14325 is divided by 753.
18
What is the remainder when 12837 is divided by 2546?
107
Calculate the remainder when 198 is divided by 36.
18
What is the remainder when 102130 is divided by 93?
16
What is the remainder when 663583 is divided by 51044?
11
Calculate the remainder when 8587 is divided by 81.
1
Calculate the remainder when 2794613 is divided by 484.
481
What is the remainder when 350 is divided by 259?
91
What is the remainder when 19926 is divided by 1115?
971
Calculate the remainder when 2165 is divided by 383.
250
Calculate the remainder when 516 is divided by 62.
20
Calculate the remainder when 1238 is divided by 2.
0
What is the remainder when 12189 is divided by 116?
9
Calculate the remainder when 6481 is divided by 6441.
40
What is the remainder when 175234 is divided by 401?
398
What is the remainder when 1522 is divided by 85?
77
Calculate the remainder when 103342 is divided by 11.
8
What is the remainder when 341550 is divided by 771?
768
What is the remainder when 7995 is divided by 52?
39
Calculate the remainder when 193822 is divided by 93.
10
Calculate the remainder when 17295 is divided by 288.
15
Calculate the remainder when 5237 is divided by 50.
37
Calculate the remainder when 2059 is divided by 165.
79
Calculate the remainder when 162940 is divided by 33.
19
What is the remainder when 386 is divided by 190?
6
Calculate the remainder when 5838 is divided by 284.
158
Calculate the remainder when 1754 is divided by 595.
564
What is the remainder when 14229 is divided by 56?
5
What is the remainder when 280 is divided by 118?
44
Calculate the remainder when 277228 is divided by 46204.
4
What is the remainder when 7279 is divided by 291?
4
What is the remainder when 319987 is divided by 119?
115
Calculate the remainder when 3649 is divided by 388.
157
Calculate the remainder when 516 is divided by 109.
80
Calculate the remainder when 2379 is divided by 35.
34
What is the remainder when 4443 is divided by 2207?
29
What is the remainder when 615315 is divided by 12819?
3
Calculate the remainder when 1371 is divided by 247.
136
Calculate the remainder when 14244 is divided by 1090.
74
What is the remainder when 48493 is divided by 585?
523
Calculate the remainder when 581982 is divided by 479.
476
What is the remainder when 10464 is divided by 5140?
184
What is the remainder when 9918 is divided by 64?
62
Calculate the remainder when 9445 is divided by 429.
7
What is the remainder when 273346 is divided by 22778?
10
Calculate the remainder when 370831 is divided by 612.
571
Calculate the remainder when 10553 is divided by 2591.
189
Calculate the remainder when 2638 is divided by 228.
130
Calculate the remainder when 27000 is divided by 197.
11
What is the remainder when 17168 is divided by 32?
16
What is the remainder when 18300 is divided by 229?
209
What is the remainder when 79207 is divided by 483?
478
Calculate the remainder when 4944 is divided by 1735.
1474
Calculate the remainder when 834 is divided by 164.
14
Calculate the remainder when 1065 is divided by 397.
271
What is the remainder when 105276 is divided by 35091?
3
Calculate the remainder when 54124 is divided by 265.
64
What is the remainder when 243754 is divided by 88?
82
What is the remainder when 1247833 is divided by 20?
13
Calculate the remainder when 36208 is divided by 74.
22
Calculate the remainder when 14780 is divided by 33.
29
What is the remainder when 32334 is divided by 197?
26
What is the remainder when 10838 is divided by 53?
26
Calculate the remainder when 191508 is divided by 148.
144
Calculate the remainder when 5042 is divided by 1673.
23
Calculate the remainder when 21947 is divided by 4386.
17
Calculate the remainder when 19831 is divided by 33.
31
What is the remainder when 9336 is divided by 17?
3
Calculate the remainder when 3983 is divided by 1342.
1299
Calculate the remainder when 1211 is divided by 149.
19
Calculate the remainder when 62635 is divided by 10439.
1
Calculate the remainder when 119470 is divided by 135.
130
Calculate the remainder when 52347 is divided by 987.
36
Calculate the remainder when 18730 is divided by 586.
564
Calculate the remainder when 1275 is divided by 431.
413
What is the remainder when 12644 is divided by 437?
408
Calculate the remainder when 148744 is divided by 705.
694
Calculate the remainder when 3826 is divided by 1903.
20
What is the remainder when 1521 is divided by 509?
503
Calculate the remainder when 79193 is divided by 15834.
23
Calculate the remainder when 2359836 is divided by 8.
4
What is the remainder when 1091 is divided by 339?
74
What is the remainder when 1593395 is divided by 21?
20
Calculate the remainder when 19928 is divided by 304.
168
Calculate the remainder when 2045 is divided by 226.
11
What is the remainder when 63952 is divided by 203?
7
Calculate the remainder when 6097 is divided by 3046.
5
Calculate the remainder when 80961 is divided by 15.
6
What is the remainder when 615 is divided by 594?
21
What is the remainder when 717 is divided by 37?
14
Calculate the remainder when 51320 is divided by 153.
65
Calculate the remainder when 58167 is divided by 676.
31
What is the remainder when 2734 is divided by 809?
307
Calculate the remainder when 17572 is divided by 52.
48
Calculate the remainder when 12660 is divided by 1060.
1000
What is the remainder when 58348 is divided by 158?
46
What is the remainder when 14468 is divided by 1194?
140
Calculate the remainder when 9862 is divided by 306.
70
What is the remainder when 10288 is divided by 14?
12
What is the remainder when 21388 is divided by 7119?
31
What is the remainder when 1726 is divided by 808?
110
What is the remainder when 15146 is divided by 15137?
9
Calculate the remainder when 10355 is divided by 188.
15
Calculate the remainder when 2326 is divided by 1156.
14
What is the remainder when 45606 is divided by 64?
38
Calculate the remainder when 273152 is divided by 34141.
24
What is the remainder when 76472 is divided by 35?
32
Calculate the remainder when 2001 is divided by 124.
17
What is the remainder when 11351 is divided by 12?
11
Calculate the remainder when 206027 is divided by 206021.
6
Calculate the remainder when 695253 is divided by 106.
105
Calculate the remainder when 60813 is divided by 336.
333
Calculate the remainder when 122876 is divided by 745.
696
What is the remainder when 36096 is divided by 372?
12
What is the remainder when 240280 is divided by 15?
10
Calculate the remainder when 672449 is divided by 27.
14
Calculate the remainder when 282805 is divided by 141397.
11
Calculate the remainder when 157474 is divided by 31486.
44
What is the remainder when 25796 is divided by 8485?
341
What is the remainder when 19548 is divided by 6514?
6
Calculate the remainder when 30809 is divided 